{"id":656,"date":"2016-12-26T17:52:57","date_gmt":"2016-12-26T16:52:57","guid":{"rendered":"http:\/\/brullsen-hachmuehlen.eu\/?page_id=656"},"modified":"2016-12-26T17:59:23","modified_gmt":"2016-12-26T16:59:23","slug":"ex-postautos-de","status":"publish","type":"page","link":"https:\/\/brullsen-hachmuehlen.eu\/?page_id=656","title":{"rendered":"Ex Postautos"},"content":{"rendered":"<p><strong>Gut, g\u00fcnstig, werkstattgepr\u00fcft<\/strong><\/p>\n<p>Fahrzeuge aus dem Bestand der Deutschen Post zu unschlagbar g\u00fcnstigen Preisen.<\/p>\n<p>F\u00fcr jeden ist etwas dabei:<\/p>\n<p>Betriebsfahrzeuge in gelb von Renault Kangoo, bzw. VW Caddy, \u00fcber Opel Vivaro, VW-Transporter, MB-Sprinter bis zum zum Iveco 7,5-Tonner.<\/p>\n<p>Direktionsfahrzeuge aus Fullservice-Vertr\u00e4gen:<\/p>\n<p>Opel Corsa, Astra, Vectra, Renault Clio, Ford Focus, Mondeo und VW Passat in gehobener Ausstattung \u00fcberwiegend in den Farben silber, schwarz oder blau metallic.<\/p>\n<p><strong><a href=\"https:\/\/brullsen-hachmuehlen.eu\/wp-content\/uploads\/2016\/12\/postautobanner.jpg\" rel=\"lightbox[656]\"><img loading=\"lazy\" decoding=\"async\" class=\"aligncenter wp-image-661 size-full\" src=\"https:\/\/brullsen-hachmuehlen.eu\/wp-content\/uploads\/2016\/12\/postautobanner.jpg\" width=\"690\" height=\"148\" srcset=\"https:\/\/brullsen-hachmuehlen.eu\/wp-content\/uploads\/2016\/12\/postautobanner.jpg 690w, https:\/\/brullsen-hachmuehlen.eu\/wp-content\/uploads\/2016\/12\/postautobanner-300x64.jpg 300w\" sizes=\"auto, (max-width: 690px) 100vw, 690px\" \/><\/a><\/strong><\/p>\n<p><a title=\"www.ex-postautos.de\" href=\"http:\/\/www.ex-postautos.de\" target=\"_blank\">www.ex-postautos.de<\/a><\/p>\n","protected":false},"excerpt":{"rendered":"<div class=\"mh-excerpt\">Gut, g\u00fcnstig, werkstattgepr\u00fcft Fahrzeuge aus dem Bestand der Deutschen Post zu unschlagbar g\u00fcnstigen Preisen. F\u00fcr jeden ist etwas dabei: Betriebsfahrzeuge in gelb von Renault Kangoo, bzw. VW Caddy, \u00fcber Opel Vivaro, VW-Transporter, MB-Sprinter bis zum <a class=\"mh-excerpt-more\" href=\"https:\/\/brullsen-hachmuehlen.eu\/?page_id=656\" title=\"Ex Postautos\">[&#8230;]<\/a><\/div>\n","protected":false},"author":1,"featured_media":0,"parent":0,"menu_order":0,"comment_status":"closed","ping_status":"closed","template":"template-full.php","meta":{"footnotes":""},"class_list":["post-656","page","type-page","status-publish","hentry"],"_links":{"self":[{"href":"https:\/\/brullsen-hachmuehlen.eu\/index.php?rest_route=\/wp\/v2\/pages\/656","targetHints":{"allow":["GET"]}}],"collection":[{"href":"https:\/\/brullsen-hachmuehlen.eu\/index.php?rest_route=\/wp\/v2\/pages"}],"about":[{"href":"https:\/\/brullsen-hachmuehlen.eu\/index.php?rest_route=\/wp\/v2\/types\/page"}],"author":[{"embeddable":true,"href":"https:\/\/brullsen-hachmuehlen.eu\/index.php?rest_route=\/wp\/v2\/users\/1"}],"replies":[{"embeddable":true,"href":"https:\/\/brullsen-hachmuehlen.eu\/index.php?rest_route=%2Fwp%2Fv2%2Fcomments&post=656"}],"version-history":[{"count":4,"href":"https:\/\/brullsen-hachmuehlen.eu\/index.php?rest_route=\/wp\/v2\/pages\/656\/revisions"}],"predecessor-version":[{"id":663,"href":"https:\/\/brullsen-hachmuehlen.eu\/index.php?rest_route=\/wp\/v2\/pages\/656\/revisions\/663"}],"wp:attachment":[{"href":"https:\/\/brullsen-hachmuehlen.eu\/index.php?rest_route=%2Fwp%2Fv2%2Fmedia&parent=656"}],"curies":[{"name":"wp","href":"https:\/\/api.w.org\/{rel}","templated":true}]}}